True
Is 4788 a multiple of 63?
True
Does 33 divide 6956?
False
Is 229 even?
False
Is 24 a factor of 410?
False
Is 103 a factor of 1191?
False
Is 88 a factor of 675?
False
Is 2057 a multiple of 11?
True
Is 15464 a multiple of 37?
False
Is 1297 a multiple of 34?
False
Does 54 divide 6696?
True
Does 13 divide 297?
False
Is 29 a factor of 35148?
True
Does 49 divide 1218?
False
Does 72 divide 1539?
False
Is 8 a factor of 262?
False
Is 38 a factor of 594?
False
Is 1102 a multiple of 13?
False
Is 4525 a multiple of 10?
False
Is 127 a factor of 4751?
False
Is 32 a factor of 16160?
True
Does 24 divide 1120?
False
Is 3672 a multiple of 27?
True
Does 14 divide 11928?
True
Is 4 a factor of 213?
False
Is 1095 a multiple of 41?
False
Is 32886 a multiple of 9?
True
Does 34 divide 41611?
False
Is 164 a factor of 6888?
True
Is 38636 a multiple of 13?
True
Does 19 divide 32281?
True
Does 21 divide 10622?
False
Is 16 a multiple of 16?
True
Is 81 a factor of 1539?
True
Is 3 a factor of 339?
True
Is 2368 a multiple of 64?
True
Is 34 a factor of 19555?
False
Is 2 a factor of 314?
True
Is 12 a factor of 143?
False
Is 15 a factor of 1590?
True
Does 10 divide 7728?
False
Is 68 a factor of 13396?
True
Does 74 divide 5468?
False
Is 11336 a multiple of 13?
True
Does 37 divide 697?
False
Is 40 a factor of 1520?
True
Does 8 divide 1536?
True
Does 69 divide 188?
False
Does 144 divide 10931?
False
Is 8 a factor of 1528?
True
Is 1872 a multiple of 36?
True
Is 8 a factor of 20288?
True
Is 42 a factor of 3444?
True
Does 165 divide 3214?
False
Is 13268 a multiple of 31?
True
Does 12 divide 396?
True
Is 13 a factor of 557?
False
Is 94 a factor of 68256?
False
Is 604 a multiple of 9?
False
Is 13 a factor of 1729?
True
Is 27 a factor of 2665?
False
Does 7 divide 2135?
True
Is 263 a multiple of 38?
False
Is 29 a factor of 134?
False
Is 10399 a multiple of 28?
False
Is 58 a multiple of 10?
False
Does 52 divide 1514?
False
Does 6 divide 1713?
False
Does 29 divide 522?
True
Does 134 divide 4556?
True
Does 7 divide 4277?
True
Is 49 a factor of 2695?
True
Is 1274 a multiple of 98?
True
Does 21 divide 336?
True
Is 333 a multiple of 37?
True
Does 11 divide 77?
True
Is 65890 a multiple of 110?
True
Is 595 a multiple of 6?
False
Does 25 divide 251?
False
Does 14 divide 226?
False
Is 87 a multiple of 4?
False
Is 47844 a multiple of 54?
True
Is 22 a factor of 15978?
False
Is 311 a factor of 122534?
True
Does 45 divide 1689?
False
Is 5 a factor of 7418?
False
Is 11527 a multiple of 21?
False
Does 32 divide 8672?
True
Does 41 divide 7838?
False
Is 1833 a multiple of 141?
True
Is 6419 a multiple of 27?
False
Is 8176 a multiple of 14?
True
Does 27 divide 9693?
True
Is 180 a multiple of 45?
True
Does 6 divide 6906?
True
Is 5 a factor of 2270?
True
Does 12 divide 77376?
True
Is 14 a factor of 1964?
False
Is 975 a multiple of 15?
True
Is 6 a factor of 7408?
False
Does 60 divide 8679?
False
Is 11939 a multiple of 94?
False
Does 2 divide 195?
False
Does 15 divide 64225?
False
Does 98 divide 2266?
False
Does 65 divide 2145?
True
Is 23 a factor of 79389?
False
Is 4 a factor of 418?
False
Does 75 divide 10394?
False
Is 23574 a multiple of 17?
False
Is 2828 a multiple of 101?
True
Is 18 a factor of 378?
True
Is 4848 a multiple of 16?
True
Is 12 a factor of 12694?
False
Is 3210 a multiple of 3?
True
Is 1086 a multiple of 75?
False
Does 22 divide 840?
False
Does 8 divide 656?
True
Is 957 a multiple of 11?
True
Is 2046 a multiple of 31?
True
Does 9 divide 56?
False
Is 7 a factor of 4154?
False
Does 6 divide 228?
True
Does 86 divide 24080?
True
Does 39 divide 3346?
False
Is 9 a factor of 533?
False
Does 13 divide 1807?
True
Does 42 divide 2868?
False
Does 162 divide 17496?
True
Is 11 a factor of 3362?
False
Is 38 a factor of 9196?
True
Is 61 a factor of 15372?
True
Is 9671 a multiple of 19?
True
Does 176 divide 35418?
False
Does 63 divide 110754?
True
Does 4 divide 352?
True
Does 3 divide 5158?
False
Is 14782 a multiple of 13?
False
Is 14 a factor of 5755?
False
Is 1915 a multiple of 35?
False
Does 21 divide 483?
True
Does 15 divide 827?
False
Is 1300 a multiple of 26?
True
Is 3 a factor of 1956?
True
Does 13 divide 2340?
True
Does 20 divide 96?
False
Is 14 a factor of 1008?
True
Does 44 divide 1672?
True
Is 416 a multiple of 32?
True
Does 49 divide 7617?
False
Is 800 a multiple of 10?
True
Is 3492 a multiple of 98?
False
Does 14 divide 2856?
True
Is 870 a multiple of 97?
False
Is 14 a factor of 57081?
False
Is 46 a factor of 9982?
True
Is 73 a factor of 16359?
False
Does 167 divide 18960?
False
Is 16 a factor of 1184?
True
Is 175 a multiple of 25?
True
Is 63 a multiple of 2?
False
Is 26 a factor of 2231?
False
Is 2648 a multiple of 18?
False
Does 52 divide 208?
True
Is 86 a factor of 38442?
True
Is 24 a multiple of 24?
True
Is 28 a factor of 270?
False
Does 25 divide 1325?
True
Does 16 divide 606?
False
Does 16 divide 672?
True
Is 267 a factor of 136704?
True
Is 57 a factor of 43548?
True
Does 43 divide 21300?
False
Does 43 divide 40932?
False
Is 11583 a multiple of 23?
False
Is 360 a multiple of 24?
True
Is 77121 a multiple of 49?
False
Is 40 a factor of 26995?
False
Is 4 a factor of 152?
True
Is 3 a factor of 210?
True
Is 2977 a multiple of 2?
False
Does 43 divide 1720?
True
Is 19208 a multiple of 13?
False
Is 5400 a multiple of 51?
False
Is 5228 a multiple of 52?
False
Does 68 divide 6120?
True
Is 23873 a multiple of 189?
False
Does 24 divide 1018?
False
Is 18834 a multiple of 13?
False
Is 406 a multiple of 5?
False
Is 93 a multiple of 41?
False
Is 737 a multiple of 110?
False
Does 4 divide 43?
False
Is 32485 a multiple of 14?
False
Is 103 a factor of 31140?
False
Is 6650 a multiple of 25?
True
Is 9 a factor of 10049?
False
Is 483 a multiple of 13?
False
Is 14 a factor of 59?
False
Is 520 even?
True
Does 329 divide 92449?
True
Is 3372 a multiple of 31?
False
Does 13 divide 45786?
True
Is 2944 a multiple of 74?
False
Is 2032 a multiple of 8?
True
Is 7 a factor of 1155?
True
Is 14124 a multiple of 107?
True
Is 2467 a multiple of 11?
False
Does 62 divide 6076?
True
Does 34 divide 6720?
False
Does 19 divide 154?
False
Is 24 a factor of 3240?
True
Does 9 divide 3276?
True
Is 484 a multiple of 60?
False
Does 8 divide 3160?
True
Is 15 a factor of 12930?
True
Does 5 divide 2924?
False
Is 4 a factor of 924?
True
Does 5 divide 10511?
False
Is 3465 a multiple of 39?
False
Does 29 divide 1910?
False
Is 263 a multiple of 128?
False
Does 11 divide 4818?
True
Is 86336 a multiple of 76?
True
Is 13 a factor of 1742?
True
Is 5271 a multiple of 21?
True
Is 201 a multiple of 67?
True
Is 32 a factor of 512?
True
Does 8 divide 604?
False
Does 8 divide 192?
True
Is 513 a multiple of 5?
False
Is 5882 a multiple of 34?
True
Is 16 a factor of 32672?
True
Is 279 a factor of 111321?
True
Is 4589 a multiple of 2?
False
Is 66 a factor of 295?
False
Is 9 a factor of 235?
False
Does 14 divide 84?
True
Does 23 divide 2998?
False
Is 508 a multiple of 93?
False
Is 19 a factor of 11823?
False
Is 541 a multiple of 5?
False
Is 517 a multiple of 17?
False
Is 16 a factor of 15636?
False
Does 11 divide 4843?
False
Does 2 divide 402?
True
Is 255 a multiple of 17?
True
Is 14 a factor of 26908?
True
Is 85 a factor of 1042?
False
Is 52 a factor of 27526?
False
Does 12 divide 512?
False
Is 106 a factor of 10824?
False
Does 94 divide 948?
False
Does 98 divide 106?
False
Is 12 a factor of 1541?
False
Is 87708 a multiple of 66?
False
Is 1682 a multiple of 2?
True
Is 37 a factor of 3109?
False
Is 3480 a multiple of 24?
True
Does 111 divide 38295?
True
Is 600 a multiple of 6?
True
Is 972 a multiple of 36?
True
Is 64 a factor of 25792?
True
Does 20 divide 22600?
True
Is 17 a factor of 485?
False
Does 28 divide 3781?
False
Does 18 divide 15894?
True
Does 9 divide 327?
False
Is 8 a factor of 8792?
True
Does 4 divide 124?
True
Does 61 divide 610?
True
Is 20774 a multiple of 26?
True
Is 145 a multiple of 29?
True
Is 80170 a multiple of 255?
False
Is 8636 a multiple of 127?
True
Is 24 a factor of 27504?
True
Is 203 a multiple of 6?
False
Is 6 a factor of 33528?
True
Is 39420 a multiple of 90?
True
Does 18 divide 846?
True
Is 105 a factor of 4200?
True
Is 59 a factor of 34643?
False
Is 49 a multiple of 4?
False
Is 21 a factor of 3227?
False
Does 6 divide 218